Let s(i) = 7*o(i) + 3*t(i). List the prime factors of s(-8).
2
Let m(n) = 3*n. Let g be m(3). Suppose -g = -w - 0*w. Suppose -k + w = 2*l, 0*k + 2 = k - 5*l. List the prime factors of k.
7
Let u(p) be the first derivative of 16*p - 1/2*p**2 - 2. What are the prime factors of u(0)?
2
Let c(o) = o**3 + 6*o**2 - o - 7. List the prime factors of c(-5).
23
Suppose 43 = 5*y - 17. Let l = -5 + y. What are the prime factors of l?
7
Suppose -x - 2*z = -10, -x + 3*z - 15 = -2*x. Suppose 0 = -o - a - 16, -3*o + 2*a - 16 - 7 = x. Let q = 22 + o. What are the prime factors of q?
11
Suppose 0 = m - 4*m - 4*t - 16, m + t = -6. Let h = 6 - m. List the prime factors of (h + -2)/2 + 2.
2
Suppose 12 = 5*b - o, b + 5*o = 5*b + 3. Suppose b*v - 14 = u, 2*v = v - 2*u - 7. Suppose v*h = 58 - 10. List the prime factors of h.
2
List the prime factors of 8/((-8)/(-105)) - (1 - -1).
103
Let p(k) = k**2 + 10*k + 13. Let t be p(-9). What are the prime factors of 28*(t + 1 + -3)?
2, 7
Let o = -17 - -12. Suppose -3*b = b + 12. Let z = b - o. List the prime factors of z.
2
Suppose 2*d = -5*d + 413. List the prime factors of d.
59
Let c(h) = h**3 - h**2 + h + 11. Suppose 4*l - 5*i + 25 = 0, -2*l + 0*l - 3*i = -15. List the prime factors of c(l).
11
Let l = 97 - 43. What are the prime factors of l?
2, 3
Suppose 8*p + c - 857 = 3*p, 674 = 4*p - 5*c. List the prime factors of p.
3, 19
Let y = -9 + 13. Suppose y*c - g - 132 = c, 0 = 2*g + 6. What are the prime factors of c?
43
Let n be (-4)/(-10) + 9/15. Suppose 4 - n = f. List the prime factors of f.
3
What are the prime factors of (0 + 4)/((-2)/(-35))?
2, 5, 7
Let i be (0 - -2) + -2 + 34. Suppose 60 = 2*g - i. Suppose g = 4*m - 3*y + 15, 21 = 5*m + y. What are the prime factors of m?
5
Let i = -2 + 39. Suppose -5*j = -i - 23. Suppose j = 3*a - 0. What are the prime factors of a?
2
What are the prime factors of (-68)/(-4) - (-1)/(-1)?
2
Suppose 5*x - 2*x - 363 = 0. List the prime factors of x.
11
Let p(m) = -m**3 + 13*m**2 - 14*m + 10. List the prime factors of p(8).
2, 109
Let a = 154 + -90. What are the prime factors of a?
2
Suppose -3*p + 267 + 0 = 2*b, 2*b - 265 = -5*p. What are the prime factors of b?
3, 5
Let d(a) = -a**2 + 18*a + 10. Let o(t) = -t**2 + 9*t - 3. Let q be o(6). What are the prime factors of d(q)?
5, 11
Suppose -5*o - 2 = -32. What are the prime factors of o?
2, 3
List the prime factors of (-1 + 13)/4 - -37.
2, 5
Suppose -a + 6*a - 105 = 0. Let z = -36 + a. Let v = z + 24. List the prime factors of v.
3
Let f(q) = q + 43. Suppose 3*d = 4*d. Let t be f(d). Suppose -2*k = -3*p + 3*k + 22, 5*p - 2*k = t. List the prime factors of p.
3
Let z = -343 + 641. List the prime factors of z.
2, 149
Let b be (4/(-3) + 0)*-3. Suppose 7 + 9 = b*y. Suppose -u - 27 = -3*i, -3*u = 2*i - y*u - 19. List the prime factors of i.
2
Let m(i) = i**3 - 8*i**2 + 10*i - 8. Let p be (-2)/(-2)*7*1. List the prime factors of m(p).
13
Let u(f) = -19*f - 1. What are the prime factors of u(-10)?
3, 7
Let r(z) = -3*z - 13. Let k be r(-9). Let x = 20 - k. What are the prime factors of x?
2, 3
Suppose -5*z = -4*w + 82, 0 = -z - 0*z - 2. Suppose w = -3*m + 120. List the prime factors of m.
2, 17
Suppose -5*h = -7*h + 36. List the prime factors of h.
2, 3
Suppose -169 = -10*n + 1321. What are the prime factors of n?
149
Suppose -2*p - 2*p = -44. Let n = 23 - p. Let b = 24 - n. List the prime factors of b.
2, 3
Suppose 0 = -r - 5*k + 30, 150 = 5*r + 2*k - 3*k. Suppose -o + 2*o = r. Let g = o + -21. What are the prime factors of g?
3
List the prime factors of (-75)/20*20/(-3).
5
Suppose 18 = 3*v + 3. Suppose 4*k - 2 = 3*k, 19 = 3*n + v*k. What are the prime factors of n?
3
Suppose -4*d + 2*d + 8 = 0, f - d = -12. Let r = f - -17. Let w = 16 - r. What are the prime factors of w?
7
Suppose 0 = w - 5*f - 0 - 44, 3*f = -5*w + 80. Let q = -15 + w. What are the prime factors of q?
2
Let l be (-8 - -4)*(-2)/4. Suppose -l*g + 56 = -g. What are the prime factors of g?
2, 7
Suppose -5*z - 5*d = -100, z - 4*d + 3*d = 24. What are the prime factors of z?
2, 11
Suppose -74 = 4*w + 22. What are the prime factors of w/(-2) - (5 - 2)?
3
Let r(l) = -l**3 - 5*l**2 + 8*l + 7. Let m be r(-6). Suppose -5*k + 3*d + 6 = -2*k, 3 = -2*k - 5*d. What are the prime factors of (-16)/10*m/k?
2
Suppose 0 = 8*j - 245 - 867. What are the prime factors of j?
139
Suppose 3 = -4*v + 15. Suppose 0 = -h - 4*h + 25, -v*t + 115 = 5*h. What are the prime factors of t?
2, 3, 5
Let s(j) = 18*j**3. Suppose 0 = 3*d - 2*d. Let h = d + 1. What are the prime factors of s(h)?
2, 3
Suppose -134 + 46 = -4*d. List the prime factors of d.
2, 11
Suppose g - 3*k - 127 = -k, 530 = 4*g + 3*k. List the prime factors of g.
131
Let n = 9 - 72. Let c be 2/9 - 1372/n. Let g = 36 - c. List the prime factors of g.
2, 7
Suppose -4*m - g = -100, 5*g = m + 9 - 55. What are the prime factors of m?
2, 13
Suppose 5*z + 0*z = -45. Let n = -39 - -59. Let l = z + n. List the prime factors of l.
11
Let b(n) = 98*n**2 - n + 3. List the prime factors of b(1).
2, 5
Let k(t) = -12*t - 6. Let a be k(-4). Suppose -v + a = -4*v. Let m = -7 - v. What are the prime factors of m?
7
Suppose 435 = 3*i - 180. What are the prime factors of i?
5, 41
Let x(z) = -z + 2. Let j be x(0). Suppose 48 = 3*t + t. What are the prime factors of (-1)/(0 - j/t)?
2, 3
Let l(r) = 4*r + 35. What are the prime factors of l(19)?
3, 37
Let h(u) = -2 + 0*u - u + 2 + 4. Let a be h(3). Suppose -3*m = a - 28. What are the prime factors of m?
3
Let d = -33 - -60. Suppose -4*z = -z - d. Suppose -5*l = 3*a + 25 - z, 0 = 5*a - l - 20. What are the prime factors of a?
3
Let b = -65 - -97. Suppose 4*f - 3*i + b = 3*f, 5*f - i = -160. Let s = -23 - f. What are the prime factors of s?
3
Let o = 44 - 30. List the prime factors of (o/4)/((-3)/(-24)).
2, 7
Let w(n) = n + 2. Let l be w(4). Suppose -r - 2*r = l. Let t = r + 5. List the prime factors of t.
3
Let z(b) = -12*b - 1. Let q(t) = t - 1. Let s be q(0). What are the prime factors of z(s)?
11
Suppose 2*x = 0, 3*x + 24 = b + 2*b. Let s = 2 + b. List the prime factors of s.
2, 5
Let i(z) be the first derivative of 4*z**3/3 - 3*z**2/2 + 3*z - 1. Let t be (5/(-15))/((-1)/6). List the prime factors of i(t).
13
Let q(b) = 48*b**2. What are the prime factors of q(-1)?
2, 3
Suppose 4*m - f - 5 = -4, 0 = 5*m - f - 1. Let h = -2 - m. List the prime factors of (-4)/(-3) - h/3.
2
Let g(v) be the third derivative of v**4/24 - v**3/3 - v**2. Let q be g(6). Suppose -2*o + 2*i = -o - 8, o - 14 = q*i. List the prime factors of o.
2
Let y(n) = 6*n - 2. Let g be 3/(-2) + (-27)/(-6). List the prime factors of y(g).
2
List the prime factors of (51 - (-1 + 2)) + 0.
2, 5
Suppose -7*d = -3*f - 2*d + 61, -2*d - 72 = -4*f. Suppose 3*y - 64 = f. What are the prime factors of y?
3
Suppose -25*c = -24*c - 115. What are the prime factors of c?
5, 23
Let f(c) = -13*c**2 + 8*c - 11. Let j(k) = -7*k**2 + 4*k - 6. Let z be (3 - -2)*(0 - -1). Let x(a) = z*j(a) - 3*f(a). What are the prime factors of x(2)?
11
Suppose 0 = 2*v + 2*g + 56, v - 4*v - 5*g = 80. Let r = -9 - v. What are the prime factors of r?
3, 7
Suppose p = -5, -101 + 556 = 5*h + 3*p. What are the prime factors of h?
2, 47
Suppose -4*p - 5*t + 8 = -4, 5*p - 6 = -4*t. Let d(x) = 2 + 1 - 4*x - 2. What are the prime factors of d(p)?
3
Let h(j) = 3*j**3 - j - 1. Let w be h(-1). Let p = w + 3. Suppose 0 = -4*r + k + 59, 5*r + p*k - 79 = 3*k. List the prime factors of r.
2, 7
List the prime factors of 390/9 + (-6)/18.
43
Suppose -5*z = 4*w - 7, -z + 15 = 2*z - 3*w. Suppose 5*d = 4*t + 103, -4*t - 56 = -z*d + 1. List the prime factors of d.
23
Let o(d) = d**2 + 6*d + 1. Suppose 3*p - 12 = 5*p. Let m be o(p). What are the prime factors of 1/m + (1 - -1)?
3
Let u(t) = 13*t**2 + t + 1. Let h(p) = 13*p**2 + 2*p + 1. Let f(s) = -2*h(s) + 3*u(s). Let l be f(1). Suppose 0 = 5*v - l - 12. List the prime factors of v.
5
Let f = -2 - -4. Let p be (f*1)/((-8)/(-12)). Let t = p + -1. What are the prime factors of t?
2
Let m(p) = 3*p + 12. Let g(o) = -o - 4. Let i(u) = u**2 - 4. Let j be i(0). Let v(w) = j*m(w) - 11*g(w). What are the prime factors of v(-7)?
3
Let z be 8/28 + 33/7. Suppose -z = -2*h + h. What are the prime factors of 4/h*(-30)/(-4)?
2, 3
Let o(w) = -w**2 - w - 1. Let i be o(-1). Let 